{"id":251,"date":"2021-04-22T02:20:21","date_gmt":"2021-04-22T02:20:21","guid":{"rendered":"https:\/\/braingsas.com\/?page_id=251"},"modified":"2021-04-22T02:35:59","modified_gmt":"2021-04-22T02:35:59","slug":"interventorias","status":"publish","type":"page","link":"https:\/\/braingsas.com\/index.php\/interventorias\/","title":{"rendered":"INTERVENTOR\u00cdAS"},"content":{"rendered":"\t\t<div data-elementor-type=\"wp-page\" data-elementor-id=\"251\" class=\"elementor elementor-251\" data-elementor-settings=\"[]\">\n\t\t\t\t\t\t\t<div class=\"elementor-section-wrap\">\n\t\t\t\t\t\t\t<section class=\"elementor-section elementor-top-section elementor-element elementor-element-1a9d0bae elementor-section-boxed elementor-section-height-default elementor-section-height-default\" data-id=\"1a9d0bae\" data-element_type=\"section\">\n\t\t\t\t\t\t<div class=\"elementor-container elementor-column-gap-default\">\n\t\t\t\t\t<div class=\"elementor-column elementor-col-100 elementor-top-column elementor-element elementor-element-698da7b0\" data-id=\"698da7b0\" data-element_type=\"column\">\n\t\t\t<div class=\"elementor-widget-wrap elementor-element-populated\">\n\t\t\t\t\t\t\t\t<div class=\"elementor-element elementor-element-2ac0d1e elementor-widget elementor-widget-image\" data-id=\"2ac0d1e\" data-element_type=\"widget\" data-widget_type=\"image.default\">\n\t\t\t\t<div class=\"elementor-widget-container\">\n\t\t\t\t\t<div class=\"elementor-image\">\n\t\t\t\t\t\t\t\t\t\t<img width=\"1024\" height=\"495\" src=\"https:\/\/braingsas.com\/wp-content\/uploads\/2021\/04\/interventoria-1024x495.jpg\" class=\"attachment-large size-large\" alt=\"\" loading=\"lazy\" srcset=\"https:\/\/braingsas.com\/wp-content\/uploads\/2021\/04\/interventoria-1024x495.jpg 1024w, https:\/\/braingsas.com\/wp-content\/uploads\/2021\/04\/interventoria-300x145.jpg 300w, https:\/\/braingsas.com\/wp-content\/uploads\/2021\/04\/interventoria-768x371.jpg 768w, https:\/\/braingsas.com\/wp-content\/uploads\/2021\/04\/interventoria-1536x742.jpg 1536w, https:\/\/braingsas.com\/wp-content\/uploads\/2021\/04\/interventoria-1920x927.jpg 1920w, https:\/\/braingsas.com\/wp-content\/uploads\/2021\/04\/interventoria.jpg 1971w\" sizes=\"(max-width: 1024px) 100vw, 1024px\" \/>\t\t\t\t\t\t\t\t\t\t\t<\/div>\n\t\t\t\t<\/div>\n\t\t\t\t<\/div>\n\t\t\t\t<div class=\"elementor-element elementor-element-203bbe62 elementor-widget elementor-widget-text-editor\" data-id=\"203bbe62\" data-element_type=\"widget\" data-widget_type=\"text-editor.default\">\n\t\t\t\t<div class=\"elementor-widget-container\">\n\t\t\t\t\t<div class=\"elementor-text-editor elementor-clearfix\"><!-- wp:paragraph -->\n<p>Interventor\u00edas t\u00e9cnicas de los estudios, dise\u00f1os y construcci\u00f3n de proyectos civiles.<\/p>\n<!-- \/wp:paragraph --><\/div>\n\t\t\t\t<\/div>\n\t\t\t\t<\/div>\n\t\t\t\t\t<\/div>\n\t\t<\/div>\n\t\t\t\t\t\t\t<\/div>\n\t\t<\/section>\n\t\t\t\t\t\t<\/div>\n\t\t\t\t\t<\/div>\n\t\t","protected":false},"excerpt":{"rendered":"<p>Interventor\u00edas t\u00e9cnicas de los estudios, dise\u00f1os y construcci\u00f3n de proyectos civiles.<\/p>\n","protected":false},"author":1,"featured_media":0,"parent":0,"menu_order":0,"comment_status":"closed","ping_status":"closed","template":"","meta":{"_monsterinsights_skip_tracking":false,"_monsterinsights_sitenote_active":false,"_monsterinsights_sitenote_note":"","_monsterinsights_sitenote_category":0},"_links":{"self":[{"href":"https:\/\/braingsas.com\/index.php\/wp-json\/wp\/v2\/pages\/251"}],"collection":[{"href":"https:\/\/braingsas.com\/index.php\/wp-json\/wp\/v2\/pages"}],"about":[{"href":"https:\/\/braingsas.com\/index.php\/wp-json\/wp\/v2\/types\/page"}],"author":[{"embeddable":true,"href":"https:\/\/braingsas.com\/index.php\/wp-json\/wp\/v2\/users\/1"}],"replies":[{"embeddable":true,"href":"https:\/\/braingsas.com\/index.php\/wp-json\/wp\/v2\/comments?post=251"}],"version-history":[{"count":4,"href":"https:\/\/braingsas.com\/index.php\/wp-json\/wp\/v2\/pages\/251\/revisions"}],"predecessor-version":[{"id":275,"href":"https:\/\/braingsas.com\/index.php\/wp-json\/wp\/v2\/pages\/251\/revisions\/275"}],"wp:attachment":[{"href":"https:\/\/braingsas.com\/index.php\/wp-json\/wp\/v2\/media?parent=251"}],"curies":[{"name":"wp","href":"https:\/\/api.w.org\/{rel}","templated":true}]}}